= 336 - 223. Suppose -5*a = 3*p - k - 691, -1040 = -4*p + 4*a. Is p composite?
False
Let a(s) = 1044*s**3 - 2*s + 1. Is a(1) composite?
True
Let g(d) = 156*d**2 + 7*d + 6. Let p(h) = h + 1. Let j(b) = g(b) - 6*p(b). Is j(1) prime?
True
Let c(f) = f - 5. Let z be c(5). Suppose s - 3*u - 15 = 10, -2*s - 5*u + 94 = z. Is s composite?
False
Suppose -5*k + 4*d - 42 = 0, -12 = k - d - d. Is ((-3)/k)/(2/332) composite?
False
Let s = 645 + -402. Suppose -5*u + 4*u + 2*r - 126 = 0, -2*u - 5*r = s. Is 1 - (u - 6/3) a prime number?
True
Let w = -16 - -14. Let q(b) = 34*b**2 + 2*b - 1. Is q(w) a composite number?
False
Let b(n) = 5 - n - 4*n**2 + 12*n + 3*n**2. Is b(6) a prime number?
False
Let a(v) = 30*v**2 + v - 3. Is a(2) composite?
True
Suppose -9*d + 0*d = -7011. Is d composite?
True
Is 737/((-1)/(-5 + 4)) a composite number?
True
Let f(w) = 44*w**2 + 4*w + 2. Let x be f(-2). Let y(v) = -2*v - 1. Let p be y(-2). Suppose -5*i + 188 = -o, -2*i + x = p*i + 5*o. Is i prime?
True
Suppose 5*w = w - 2*g + 18, 0 = 4*g - 20. Is w + -6 - (-895 + 2) prime?
False
Let a = -150 + 235. Is a prime?
False
Suppose 32 = 5*b + 3*v, -5*b - 4*v = -0*b - 36. Suppose -2*w + w + 65 = 5*z, 5*z - 215 = -b*w. Suppose 109 = 3*d - w. Is d prime?
True
Suppose 0 = g - 4*g. Suppose l = -1, 4*p + 3*l = -g*p + 145. Suppose -2*r + r = -p. Is r composite?
False
Suppose -5*b = -2*u + 439, 1190 = 4*u - 3*b + 347. Suppose -u = -h - 2*h. Is h a prime number?
False
Let y = 7 + -5. Suppose z = y*z - 35. Is z composite?
True
Let n = -1 - -1. Suppose 0 = -n*y + 3*y - 9. Suppose 0 = y*w - 78 + 3. Is w prime?
False
Let y = 81 + -291. Let j = y - -429. Is j a composite number?
True
Let p(j) be the first derivative of -j**5/20 + 7*j**4/12 - j**3/6 + j**2 - 3*j + 1. Let d(g) be the first derivative of p(g). Is d(3) prime?
False
Suppose -3*p - 13 = -2*s, 5*s + p + 8 + 2 = 0. Let f be (-17 + s)/(-3) + 2. Suppose 20 = -4*n, 4*w + 2*n = 2*w + f. Is w composite?
True
Is 48350/100*(1 + 1 + 0) a composite number?
False
Suppose 8*q - 892 = 6*q. Is q a prime number?
False
Let x = 569 + -67. Is x a prime number?
False
Suppose 0 = 5*v - 0*v + 15, 0 = -5*r - 4*v + 2413. Suppose 0 = -4*l + 3*l + 2, -3*j + 2*l = -r. Is j a prime number?
True
Suppose 4*y - 2*y = 84. Suppose y = 4*u + 2*h, 5*u - 16 = 2*h + 41. Is u prime?
True
Suppose 5*y - 2*s - 595 = -7*s, 238 = 2*y - 5*s. Is y a prime number?
False
Suppose -5*z = -10*z + 15. Suppose b - z*b + 10 = 0. Suppose -2*g - 45 = y - 2*y, -b*y + 2*g = -265. Is y composite?
True
Let x(p) = 2*p**2 + 4*p + 1. Let g be x(-5). Let n = g + -12. Is n a composite number?
False
Let q = -79 + 17. Let c = q + 129. Is c a composite number?
False
Suppose 5*z - 50 - 50 = 0. Suppose -w + z - 6 = 0. Is w a prime number?
False
Suppose -5*f + 2*t - 5*t + 964 = 0, 0 = -3*f - 3*t + 582. Is f a composite number?
False
Let a(d) = 2*d - 14. Let f be a(11). Is 2012/f + (-1)/2 composite?
False
Suppose 4*m - m = 3. Let v(u) = 29*u**3 + 37*u**3 - 13*u**3. Is v(m) a prime number?
True
Suppose -4*w + 5*j + 26 = -19, 2*j - 15 = -5*w. Suppose -w*d - g + 5*g = 12, d = g - 3. Suppose 2*t + t - 9 = d. Is t composite?
False
Let i(x) = 39*x + 3. Suppose 3*t = -5*c + 28, 0 = 3*t - 4*c - 8 - 2. Let w be i(t). Suppose 2*m + m = w. Is m a prime number?
True
Suppose l - 4*x = 10 + 2, -3*x = 5*l - 14. Let p be (-1 - 2)/((-2)/2). Suppose 0 = -p*d - 4*c + 69, -l*d - 5*c + 91 = -0. Is d a composite number?
False
Let u(m) = -2223*m + 17. Is u(-6) prime?
False
Is (70/(-15))/(2/(-327)) composite?
True
Suppose -k - 45 = 5*j + 35, 2*k = 2*j + 20. Let r = j + -2. Let z = -6 - r. Is z a composite number?
False
Let z = -16 - -31. Let k = z - 11. Suppose 0*r - 12 = -k*r. Is r composite?
False
Suppose 4*k - 6*k + 2*u = 0, -2*k + u = 1. Let o = 6 + k. Suppose -o*j + 11 = -119. Is j a composite number?
True
Let d(o) = o**3 + 7*o**2 + 7. Let k be d(-7). Is k/(-2 + (-21)/(-9)) a composite number?
True
Let t(m) = 13*m + 1. Is t(1) composite?
True
Is 648 - ((-1)/(-7))/((-1)/(-7)) composite?
False
Suppose i = -i + 4. Let m = 37 - i. Is m composite?
True
Is (558/(-36))/(2/(-388)) a prime number?
False
Let b be 90/12*(-4)/5. Is (-2)/(-6) + (-388)/b a composite number?
True
Let t = 68 - 166. Let p = 189 + t. Is p a composite number?
True
Suppose -3*h = 3*i - 0*h + 63, -h = 4*i + 75. Is ((-4470)/i)/((-1)/(-3)) composite?
True
Let h(j) = -22*j + 4. Let p be 9/6*(-10)/(-3). Let u be h(p). Is u/(1*(-1 + -1)) a prime number?
True
Suppose -4*o + 3 + 9 = 0. Let u = o + -2. Is (8 - u) + 5 + -5 a prime number?
True
Let v(a) = -2*a**3 - 3*a**2 - 2*a + 3. Let u = 8 - 12. Is v(u) a composite number?
True
Suppose -7*f + 3*f - p = -114, 5*p + 10 = 0. Suppose -4*t + f = 2*s + 1, t - 4*s = 7. Is t prime?
True
Suppose a - 2*s = 191, -a + 64 + 122 = -3*s. Is a a composite number?
True
Suppose -b = b. Suppose -111 = -b*v - 3*v. Is v a composite number?
False
Suppose 0 = -5*o - 56 + 466. Let k = -29 + o. Is k a composite number?
False
Is 2 - (-2 + 10)*-10 composite?
True
Let w(u) = 2*u + 149. Is w(0) prime?
True
Suppose -3*i + 1535 = 5*j, -5*j - i + 0*i = -1535. Is j prime?
True
Let g(p) = 2*p - 4 - p + 2. Let n be g(2). Suppose o + 2*o - 57 = n. Is o a prime number?
True
Let c(k) = -k**3 - 4*k**2 - k - 9. Is c(-7) a prime number?
False
Let b(x) = 7*x - 3. Let o(a) = -a**3 + 3*a**2 + a + 1. Let h be o(3). Let s be b(h). Let d = 44 - s. Is d a composite number?
False
Let d be (2 - 0) + (-195)/(-3). Let m(h) = -h**2 + 2*h + 2. Let o be m(2). Suppose -z + w + 67 = 0, -z + d = o*w - 5*w. Is z a prime number?
True
Let s = 4782 + -2809. Is s prime?
True
Let g = 4 - 2. Suppose g*q - 3*q = 0. Is 19/(q - (0 - 1)) a composite number?
False
Suppose 0 = 3*i + 3*i - 1842. Is i a composite number?
False
Let c be 4/(-2) + (-545)/(-5). Suppose 4*h - c = 553. Suppose 192 = 3*l - h. Is l a composite number?
True
Suppose -z + 4*f = 14, -5 = 2*z + 4*f + 11. Is 355/2 + 5/z a composite number?
True
Let s be 1*(2 + (16 - 3)). Suppose -2*v = -7*v + s, 3*v - 424 = -5*b. Is b prime?
True
Let t(w) = 1431*w**2 + 3*w + 1. Is t(2) composite?
True
Suppose -2*w + 802 = i, -3*i = -w - 0*w - 2385. Suppose 3*x - d + 796 = 5*x, 2*x - i = d. Is x a prime number?
False
Suppose 60 = 2*d - 3*b, 3*d = 5*b - 4 + 92. Suppose -50 = -c + 2*t, -5*c - t + 271 = -4*t. Suppose -d - c = -4*w. Is w a prime number?
True
Let c = -876 + 1463. Is c a prime number?
True
Is 28/4*(-7 - -1068) a composite number?
True
Let a = 248 + -88. Let x be a/12*(-3)/(-1). Let b = x + -7. Is b a prime number?
False
Suppose 2*b = d - 6, -4*b + 2*d - 12 = 3*d. Let u = 7 + b. Suppose 4*g = 16, -4*w + 68 + u = -4*g. Is w a prime number?
False
Let z = -302 - -489. Is z composite?
True
Let w(u) be the first derivative of -13*u**2/2 + 3*u - 2. Is w(-4) a composite number?
True
Suppose -206 = -2*k - 4*m, -k + 98 = m - 0*m. Is (-2)/((-99)/k - -1) prime?
True
Let z = -2115 - -3110. Is z composite?
True
Suppose -4*a + n = -7*a - 659, n - 874 = 4*a. Let x be (-62)/(2 - 30/14). Let f = x + a. Is f composite?
True
Let k(g) = 26*g**2 - 2*g. Let j be k(-2). Suppose 3*o - u - 351 = 0, 4*o = u + 361 + j. Let p = -35 + o. Is p a prime number?
True
Is 7 + -8 + (-504)/(-2) composite?
False
Suppose -2*b - b = 9. Is 369/2 + b/(-6) prime?
False
Suppose -4*v - 2*a + 9 = -5, 2*v + 3*a = 9. Suppose 0 = v*s - 5 + 41. Is ((-56)/s)/((-2)/(-33)) a composite number?
True
Let z(l) = 7*l**2 - 3*l + 7. Let m(g) = 7*g**3 - g - 1. Let r be m(-1). Is z(r) prime?
False
Let v be -2*(-7)/(14/24). Suppose -4*l = -4*w - v, -2*l + 10 = l + w. Suppose -y - 2*a + l*a = -26, 4*a = y - 30. Is y a prime number?
False
Let z be ((-18)/2)/(24/504). Let t = -60 - 34. Let q = t - z. Is q composite?
True
Suppose -4*i + 499 = o, 9*o - 2370 = 4*o + 5*i. Is o a composite number?
False
Let b(g) = 29*g + 13. Is b(6) a prime number?
False
Let k = -30 - -50. Let a be (-55)/k - (-2)/(-8). Is -4*(159/4)/a prime?
True
Suppose 5*h - 776 = -171. Is h a prime number?
False
Suppose 0 = -3*r + 5*f + 746, -2*r + 5*f + 302 = -197. Is r a prime number?
False
Let k = -5 - -7. Suppose 3 = -5*i - k*g + 8, 4*i - g - 17 = 0. Let q = 7 + i. Is q a prime number?
False
Is (-2 - 1809/(-6))*(-1 - -3) composite?
False
Suppose t = 5*r - 1013, 2*r + 5*t = 141 + 275. Is r composite?
True
Suppose -3*d = 2